*o**2 - 3*o + 5. What is the tens digit of m(5)?
6
Let n = 13 - 9. Suppose 10 = n*z + z. Suppose -2*x = x - j - 13, -z*x = -3*j - 11. What is the units digit of x?
4
Let f(d) = 3*d**2 - 2*d - 2. Let t be f(2). Suppose -5*x - 10 = -t*x. What is the units digit of x?
0
Let k = 2 - -100. Suppose -k = -b - b. What is the tens digit of b?
5
What is the hundreds digit of ((-390)/4)/((4/8)/(-1))?
1
Let q(o) = o + 4. Let w be q(-7). Let k = -5 - w. What is the units digit of (-15)/k + (-2)/(-4)?
8
Suppose 5*x = 4*i + 893, 4*x - 4*i = i + 709. What is the tens digit of x?
8
Suppose 2 = 5*v - 5*c - 18, -7 = -v + 4*c. Suppose v*m - 13 = 11. What is the units digit of m?
8
Let o(j) be the third derivative of j**4/8 - 5*j**3/6 - j**2. Let k be 3/((-6)/(-4))*4. What is the tens digit of o(k)?
1
Let s = -6 + 7. Let w = s + 5. What is the units digit of w?
6
Let c be (-2)/6 + 7/3. Let q be c/2 + (0 - 7). What is the units digit of (-16)/q + (-6)/9?
2
Let a be (9/(-2))/(3/(-4)). Let l(w) = -w + 8. Let y be l(a). Suppose 4*f = -y*u + 99 - 41, u = 2*f + 17. What is the units digit of u?
3
Suppose g = 4, 0 = o - 4*g + 3*g - 18. Let i = o + -38. Let h = -10 - i. What is the units digit of h?
6
Suppose -2*u = l - 10, -1 = u - 2. What is the units digit of l?
8
Suppose -3*l = 0, -3*o + l - 2*l + 21 = 0. Let d = -2 + o. What is the units digit of d?
5
Let u(n) = n**2 + 8*n - 12. What is the units digit of u(3)?
1
Let b = 9 + -5. Suppose 5 = b*r - 71. Suppose -5*x + 1 = -r, 36 = 3*o + 3*x. What is the units digit of o?
8
Suppose 4*x + 0*x - 168 = 0. What is the units digit of x?
2
Let d(q) = -q**3 - 7*q**2 - 9*q + 3. What is the tens digit of d(-6)?
2
Let r(s) = s - 1. Let w be r(1). Suppose -c + w*c + 7 = 0. What is the units digit of c?
7
Let h = 23 - 16. Let n(d) = d**3 - 7*d**2 - d + 1. Let z be n(h). Let a = -2 - z. What is the units digit of a?
4
What is the hundreds digit of 4/(-34) - -2642*(-12)/(-136)?
2
Let p = 25 + -16. Suppose -p = -4*f + f. Suppose 22 = 5*x - f*x. What is the tens digit of x?
1
Suppose 3*s + 33 = 4*m + 8*s, 4*s - 10 = 5*m. What is the units digit of m/2*(-3 - -4)?
1
Suppose 21 = -3*h - 4*f, 5*h - 2*f - 2*f + 3 = 0. Suppose 3*z + 0 = 18. Let g = z + h. What is the units digit of g?
3
Let t = -140 + 412. What is the tens digit of t?
7
Let t(x) = x**2 - 4*x - 2. Let b be t(5). Let i(m) = 8*m + 7. What is the units digit of i(b)?
1
Let p(j) = -j**3 - 5*j**2 + 2. Let x = 0 + -7. Let k = x + 2. What is the units digit of p(k)?
2
Suppose 591 = 3*j - 33. What is the tens digit of j?
0
Let x(y) = 43*y**2 - 1. Let p be x(-1). Suppose -3*d = -21 - p. What is the units digit of d?
1
What is the units digit of 1/(-2)*(-414 + (-6)/(-3))?
6
Let x = -60 - -35. Let n = x + 49. What is the units digit of n?
4
Suppose -95 = 2*f - 3*f + 5*m, f - 83 = -m. What is the units digit of f?
5
Let l(s) = 3*s**3 - 2*s**2 + s - 2. Let y be l(2). Suppose y = 3*h + h. Suppose h*g = 9 + 39. What is the tens digit of g?
1
Suppose 20 = 2*f + 4. Let x = f + -6. What is the units digit of (-7 + 4)*x/(-3)?
2
Let j = -6 - -18. What is the units digit of ((-2)/4)/((-1)/j)?
6
Let t(f) = f**3 + f**2 + f. Let x be t(0). Suppose p - 1 - 7 = x. What is the units digit of p?
8
Let d(j) = j - 5. Let w be d(7). Suppose h + 11 = 3*b, -5*h - 4*b - 21 = -w*b. Let n(z) = -z - 4. What is the units digit of n(h)?
1
Let p(n) = -n**3 + n**2 + n + 63. What is the units digit of p(0)?
3
Suppose 0*n = n - 12. Let i = 20 - n. What is the units digit of i?
8
What is the tens digit of -234*((-14)/(-4))/(-7)?
1
Suppose 2*g + 78 = 4*f, -4*f + 2*g = -2*f - 36. Suppose i = x + 28, -2*i + x + f = 6*x. What is the units digit of i?
3
Suppose 13 = -5*q - 27. Let a(c) = -8*c**2 + 4*c + 2. Let o be a(2). Let r = q - o. What is the units digit of r?
4
Let w(o) = -3*o - 2. Let s be w(-9). Let x = -14 + s. What is the tens digit of x?
1
Let x(k) = -11*k. Suppose 1 = c, 2 - 7 = -3*g - 2*c. Let m be 7/(-7)*(g - 0). What is the units digit of x(m)?
1
Let i(w) = -w**2 + 5*w - 12. Let x be i(6). What is the units digit of (-492)/x + (-6)/(-9)?
8
Suppose b + 14 = 5*r, 5*b + 0*r - r = -22. Let m(g) = -14*g - 2. Let a be m(b). Suppose 4*l + 5*c + 15 = 60, 0 = -4*l - 2*c + a. What is the units digit of l?
5
Let r = -428 + 704. What is the units digit of r?
6
Let d(m) = m**3 - 7*m**2 - 12*m + 8. What is the tens digit of d(9)?
6
Let v be (13 + 1)/2 - 1. Suppose -3*r + v = 2*w, 4*w = -0*r + 2*r - 20. Suppose r*q + 2*p = -p + 50, -2*p + 15 = q. What is the tens digit of q?
1
Let w(o) = -3*o - 4. Let y be w(-3). Suppose -12 = -4*p - 0*p, -2*g + 7 = -y*p. What is the units digit of g?
1
Suppose -6*t = -19*t + 1391. What is the hundreds digit of t?
1
Let w(x) be the second derivative of x**4/12 + 4*x**3/3 + x**2 + x. What is the tens digit of w(-9)?
1
Let y(z) = -3*z - 1. Let l be y(1). What is the tens digit of (9 - 0) + l + 7?
1
Suppose -4*j + 2*j + 12 = -2*h, 1 = -4*j - h. Let q(b) = 10*b - 2. Let s(f) = -15*f + 3. Let g(v) = -7*q(v) - 5*s(v). What is the units digit of g(j)?
4
Suppose 3*u - 6 = 0, 4*b + 5*u + 15 = 45. Suppose -b + 29 = 4*s. Suppose -2*y = y - s. What is the units digit of y?
2
Let o(j) = 7*j + 5. Let u(m) = 3*m + 2. Let l(q) = 4*o(q) - 9*u(q). Suppose -3*y - 3*c - 9 = y, c = -3*y - 3. What is the units digit of l(y)?
2
Suppose -2*u + 5*l + 1 = -5, 44 = -4*u - 4*l. Suppose 7 = 4*s - 29. Let w = u + s. What is the units digit of w?
2
Let w = -3 - -2. Let t = 5 - w. Suppose -k = d - 4, -2*k - d = -17 + t. What is the units digit of k?
7
Let h(q) = -7*q - 12. What is the units digit of h(-4)?
6
What is the units digit of 33/22*(0 + 62)?
3
Let m = 142 - 42. Suppose -44 = -3*x + 4*j, -4*x + m - 8 = 3*j. What is the tens digit of x?
2
Suppose -3*w = -23 - 82. What is the tens digit of w?
3
Let z(k) = k + 8. What is the tens digit of z(7)?
1
Let v(n) = -n**2 + 11*n + 4. Let u be v(10). Let y(k) = k**3 - 5*k**2 + k - 2. Let h be y(5). Suppose h*g - u - 4 = 0. What is the units digit of g?
6
Let y = -7 + 11. Suppose 0 = 4*x - y. What is the units digit of x/2 + 2/4?
1
Let z(g) = g**3 + 11*g**2 + 13. Let j be (-23)/2 - 5/(-10). What is the tens digit of z(j)?
1
Suppose 4 = 2*d - 4*d. What is the units digit of 2 + (0/(-4))/d?
2
Let f be (6/(-4))/(3/4). Let d be f - -2 - 0 - 2. What is the units digit of (4 + d)/2 - -6?
7
Let h(j) = j**3 - 3*j**2 + 4. Suppose -4*t + 12 = -3*l, 0*l = 4*l. Let y be h(t). What is the units digit of 108/11 - y/(-22)?
0
Let q = 0 + 0. Suppose 4*a + 5 - 29 = q. What is the units digit of a?
6
Let g(t) = -3*t + 65. What is the units digit of g(0)?
5
Let c = 77 + -51. What is the tens digit of c?
2
Let o(g) = g - 7. What is the units digit of o(10)?
3
What is the units digit of (21/(-6) + 2)/((-4)/96)?
6
Let k be -55*(2 - (-2 + 5)). Let x(b) = -b**2 + 5*b + 5. Let v be x(5). Suppose -f + v*d + 5 = 2*f, -d = 5*f - k. What is the units digit of f?
0
Let k(o) = 3*o + 1. Let u be k(1). Suppose u*i + 5 = 29. Suppose 0 = 3*f - 18 - i. What is the units digit of f?
8
Let a(v) = 2*v - 6. What is the units digit of a(9)?
2
Suppose 3*l - 26 = -w - 1, 13 = -l + 5*w. Suppose 3*b - 39 - l = 2*h, -5*b - h = -68. What is the units digit of b?
4
Let j(h) = 3*h + 15. Let a be j(11). Suppose 2 = -t, -a + 2 = 2*p - 2*t. What is the units digit of (-10)/p + (-53)/(-5)?
1
Suppose -76 = -k - 3*z, -z = -2*k - 0*k + 152. What is the tens digit of k?
7
Suppose -2 + 14 = 4*n. Suppose 8*h - n*h - 115 = 0. What is the units digit of h?
3
Let r = 76 - 44. What is the tens digit of r?
3
Suppose 3*k + 5 = -g + 3, 5*g + k + 10 = 0. Let o(s) = -3*s**3 - 2*s**2 - 3*s - 2. Let t be o(g). Suppose 4*a + a = t. What is the units digit of a?
4
Suppose 31 = -5*w + k, k - 6 = 4*w + 18. Let i(o) = o**2 - 7*o + 2. Let l be i(6). Let g = l - w. What is the units digit of g?
3
Let j be -2 - (1 - (-4)/(-2)). Let o(z) = -5*z**3 + z. Let q be o(j). Suppose -58 = -2*s - 2*s + 2*l, -2*s - q*l = -34. What is the tens digit of s?
1
Let f(t) = -t**3 - 9*t**2 - 2*t - 9. Let g(n) = -n**2 - 9*n - 5. Let i be g(-4). Let k be (-47)/5 - (-6)/i. What is the units digit of f(k)?
9
Suppose -2*f = 14 - 46. What is the tens digit of f?
1
Let j(f) = -1 - 3 + 3 - f + 8*f**2. What is the units digit of j(-1)?
8
Let z be (-2)/7*-3*7. Suppose o - 3*j + 8